39889 prime?
False
Is 427380797 prime?
True
Is 1796551 a composite number?
True
Is 402167179 a prime number?
True
Is 6067159 a prime number?
False
Is 386884967 prime?
False
Is 278771 composite?
True
Is 2261447 prime?
True
Is 156144647 a composite number?
False
Is 14564239 prime?
True
Is 9317333 composite?
False
Is 29635549 composite?
False
Is 6664027 composite?
False
Is 444511 a composite number?
True
Is 157050497 prime?
False
Is 119063909 a prime number?
False
Is 150937169 composite?
True
Is 63597839 a composite number?
False
Is 22011635 prime?
False
Is 231529 a prime number?
True
Is 38436191 a prime number?
True
Is 1834347 a prime number?
False
Is 94187857 a composite number?
True
Is 2424337 a composite number?
True
Is 1728214 composite?
True
Is 26398289 a prime number?
True
Is 35894867 prime?
False
Is 38113 a prime number?
True
Is 13940933 a prime number?
False
Is 72475531 composite?
False
Is 4843903 a composite number?
True
Is 1246418 a composite number?
True
Is 60969071 a prime number?
True
Is 129599051 prime?
True
Is 19556209 a prime number?
False
Is 120574889 prime?
False
Is 189877 composite?
False
Is 4117661 a prime number?
False
Is 1285159 prime?
True
Is 731471539 a prime number?
True
Is 217661 prime?
True
Is 8742511 prime?
True
Is 19519219 a prime number?
False
Is 6076451 prime?
False
Is 2189543 a prime number?
True
Is 4157927 prime?
True
Is 841501 a prime number?
False
Is 122220397 prime?
False
Is 7798003 a composite number?
True
Is 1666253 composite?
True
Is 3132563 a composite number?
True
Is 23002601 a prime number?
False
Is 3192251 a composite number?
False
Is 1400587 prime?
True
Is 29749211 a prime number?
True
Is 9889043 composite?
True
Is 8140051 prime?
True
Is 16891441 a composite number?
True
Is 77279159 prime?
True
Is 619449 composite?
True
Is 614773 a prime number?
True
Is 32741273 prime?
True
Is 58013609 composite?
True
Is 3199669 a composite number?
True
Is 22315079 prime?
True
Is 2165061 prime?
False
Is 20827987 a prime number?
True
Is 63156281 a composite number?
True
Is 3500647 composite?
True
Is 6385169 prime?
False
Is 35807753 a composite number?
False
Is 3534397 composite?
False
Is 291197 prime?
False
Is 3497135 prime?
False
Is 4261109 composite?
False
Is 618101167 a composite number?
False
Is 156551969 a composite number?
True
Is 688179 a composite number?
True
Is 19021039 prime?
True
Is 13688707 composite?
True
Is 23303 composite?
True
Is 20854387 composite?
True
Is 42163151 composite?
False
Is 778357 prime?
True
Is 15305447 composite?
False
Is 5335907 prime?
False
Is 1942817 a composite number?
True
Is 987461 composite?
True
Is 1008061 prime?
False
Is 1988467 composite?
True
Is 93704441 a composite number?
False
Is 5742103 prime?
True
Is 787973 prime?
True
Is 1613831 composite?
False
Is 884101 a prime number?
False
Is 251975455 a composite number?
True
Is 107574254 a prime number?
False
Is 55854191 composite?
False
Is 4457507 prime?
True
Is 637958 composite?
True
Is 41291947 a composite number?
False
Is 65022857 composite?
True
Is 9621515 a prime number?
False
Is 47377339 prime?
True
Is 19509983 composite?
False
Is 12780113 composite?
False
Is 340829 a prime number?
False
Is 115343939 prime?
False
Is 17702777 a prime number?
True
Is 2592049 prime?
False
Is 14907773 prime?
False
Is 759921 a prime number?
False
Is 21124477 a composite number?
True
Is 24563251 a composite number?
False
Is 4065989 a prime number?
True
Is 418445 a composite number?
True
Is 5201221 a composite number?
True
Is 1641273487 prime?
False
Is 15781159 a prime number?
True
Is 2002289 composite?
False
Is 130235689 a composite number?
False
Is 4827187 a composite number?
True
Is 272085029 composite?
False
Is 47866999 composite?
False
Is 2361883 composite?
False
Is 59688403 composite?
True
Is 88966 a prime number?
False
Is 3684361 a prime number?
False
Is 9222887 prime?
True
Is 4834321 composite?
False
Is 3510481 composite?
True
Is 67706027 prime?
True
Is 221762821 prime?
False
Is 2987483 composite?
False
Is 56539909 a composite number?
True
Is 122527 prime?
True
Is 2215417 a prime number?
True
Is 107108553 composite?
True
Is 206431 a prime number?
False
Is 1558691 a composite number?
False
Is 51730897 composite?
False
Is 48768823 a composite number?
False
Is 4946323 composite?
False
Is 150456149 composite?
False
Is 279792365 a prime number?
False
Is 5678327 prime?
True
Is 11170483 composite?
True
Is 48089357 a composite number?
False
Is 30675273 a prime number?
False
Is 34789 a prime number?
False
Is 6324641 a prime number?
True
Is 8723399 a composite number?
False
Is 4003033 prime?
True
Is 1713221 composite?
False
Is 63277219 a prime number?
True
Is 201445139 composite?
True
Is 1741969 prime?
True
Is 42082003 prime?
True
Is 11779421 a prime number?
True
Is 2045423 a composite number?
True
Is 6221629 a prime number?
True
Is 124237117 prime?
False
Is 5960861 a composite number?
False
Is 16626937 a prime number?
False
Is 1834879 a prime number?
True
Is 125392219 composite?
False
Is 3151259 a composite number?
False
Is 8608399 composite?
False
Is 1218397 a composite number?
True
Is 13327 composite?
False
Is 68345383 prime?
False
Is 165056883 a composite number?
True
Is 85469 composite?
False
Is 383941 a prime number?
True
Is 60248414 a composite number?
True
Is 1216715 a composite number?
True
Is 204918877 a prime number?
False
Is 8755601 prime?
True
Is 8607421 a prime number?
False
Is 3369929 prime?
True
Is 52811069 a prime number?
False
Is 295507889 a composite number?
True
Is 1046627 composite?
False
Is 5912483 prime?
True
Is 11092269 a composite number?
True
Is 1822411 a composite number?
False
Is 4629347 a prime number?
True
Is 64192483 composite?
True
Is 12170351 composite?
True
Is 3132971 prime?
True
Is 2106733 composite?
False
Is 5952865 composite?
True
Is 3028001 a composite number?
False
Is 236743 composite?
True
Is 281682509 prime?
True
Is 3391651 a composite number?
False
Is 16669427 a prime number?
True
Is 385253 composite?
True
Is 53302481 a prime number?
True
Is 3287015 a prime number?
False
Is 456319 a composite number?
True
Is 24337793 composite?
True
Is 30802903 a composite number?
False
Is 8068681 composite?
False
Is 146399947 a prime number?
True
Is 85616087 a composite number?
False
Is 1295447 a composite number?
False
Is 5033543 prime?
True
Is 636313 prime?
True
Is 14521033 composite?
False
Is 639833 a composite number?
False
Is 798443 a prime number?
True
Is 118416703 composite?
False
Is 3640289 prime?
True
Is 272702 a composite number?
True
Is 1151671 prime?
True
Is 236968841 a composite number?
False
Is 1302647 a composite number?
False
Is 1214911 composite?
True
Is 41862127 composite?
False
Is 2884691 a prime number?
True
Is 2660543 a composite number?
True
Is 23488433 a prime number?
False
Is 452731 a composite number?
False
Is 677107 composite?
False
Is 74199602 a composite number?
True
Is 33082727 a composite number?
False
Is 28455709 a composite number?
True
Is 151816739 composite?
True
Is 574208761 a prime number?
False
Is 1478755 a composite number?
True
Is 222749629 prime?
True
Is 112605617 composite?
False
Is 1850285 a prime number?
False
Is 2453999 a composite number?
False
Is 36920791 prime?
True
Is 20146687 a prime number?
False
Is 21211709 composite?
False
Is 123378593 composite?
True
Is 4362089 a prime number?
False
Is 14680271 composite?
True
Is 99024649 prime?
True
Is 15034021 composite?
False
Is 248231923 a prime number?
True
Is 3604439 a composite number?
True
Is 10737031 a prime number?
True
Is 7362569 prime?
True
Is 28687699 prime?
False
Is 937045 composite?
True
Is 101757017 a prime number?
False
Is 957503 composite?
True
Is 1973 composite?
False
Is 206341 a composite number?
False
Is 16885379 composite?
True
Is 26634611 a prime number?
False
Is 477810622 a prime number?
False
Is 1369723 prime?
True
Is 44842361 composite?
False
Is 25865969 a prime number?
False
Is 34282951 prime?
True
Is 22932229 composite?
True
Is 12991 prime?
False
Is 861691 a prime number?
True
Is 76540603 composite?
False
Is 469913 a composite number?
True
Is 32247911 prime?
True
Is 23612873 prime?
False
Is 353447009 prime?
True
Is 141772507 a composite number?
False
Is 100589701 a prime number?
True
Is 270019721 composite?
T